 87 is divided by n.
10
Calculate the remainder when (-2)/(-1)*(0 + 115/10) is divided by 6.
5
Calculate the remainder when 37 is divided by 70/(-28)*16/(-2).
17
Let h = 36 + -23. Calculate the remainder when 51 is divided by h.
12
Let h = -18 - -39. Suppose 10 = -2*k, -1 = 4*o - 5*k - 58. What is the remainder when h is divided by o?
5
Let y(g) = -g + 60. Calculate the remainder when y(0) is divided by 21.
18
Let s(m) = -m**2 + 11*m - 18. Suppose 2*x - x - 33 = 0. What is the remainder when x is divided by s(6)?
9
Let h = -90 + 137. Calculate the remainder when h is divided by (-2 - 0) + 20 + -2.
15
Let h be ((-24)/20)/((-1)/5). Let r = 23 - h. What is the remainder when r is divided by 5?
2
Let k = 4 + -4. Calculate the remainder when 5 is divided by -2 + k + 3 - -1.
1
What is the remainder when 39 is divided by 1/(-4)*22*-2?
6
Suppose 4*c = 5*w - 16 + 174, 0 = -4*c - 2*w + 172. Calculate the remainder when c is divided by 11.
9
Suppose 0 = m + 3*s, s = -4*m + 2*m. Suppose m*k - 114 = -6*k. Calculate the remainder when k is divided by 11.
8
Let m(r) = r**3 - r**2 - 3*r + 4. Let t(g) = -g**3 + 2*g - 3. Let k(b) = 3*m(b) + 2*t(b). Calculate the remainder when k(5) is divided by 17.
14
Let l(o) = o**2 - 2*o + 5. Let y = -6 - -12. Suppose -3*a - 9 = -39. What is the remainder when l(y) is divided by a?
9
Suppose -2*t - 2 = -2*f, -2*f = 5*t - 1 - 15. Suppose 0*m + 2*m + t = 0. What is the remainder when -5*m/((-5)/(-14)) is divided by 5?
4
Suppose -5*z = 10, -f + 5*z + 14 - 3 = 0. Let s = -6 - -15. Suppose -3*n = -4*t - 2, 4*n = t - n + s. Calculate the remainder when f is divided by t.
0
Let x(v) = 2*v**3 - v**2. Let b be x(-1). Let h(o) be the second derivative of o**4/4 + o**3/3 + o**2/2 - 2*o. What is the remainder when h(b) is divided by 12?
10
Let l = -18 + 36. Calculate the remainder when 71 is divided by l.
17
Suppose 2*b - 3*b + 3 = 0. Suppose 12 = -b*x + 7*x. Calculate the remainder when 8 is divided by x.
2
Let c = 0 - -118. What is the remainder when c is divided by 40?
38
What is the remainder when 62 is divided by (9 - -18)*(-1)/(-3)?
8
Let l = -173 + 284. Let z be l/21 + (-6)/21. Suppose 4*d - 35 = z*v, 4*d + 4*v - 9 + 1 = 0. What is the remainder when 8 is divided by d?
3
Let q be 3 + (0 - 3 - -2). Suppose 2*h + 17 = 4*w + h, 0 = -4*w - q*h + 14. What is the remainder when w is divided by 2?
0
Let w be 24/(-9) + (-6)/(-9). Calculate the remainder when (-9 - -5)*w/4 is divided by 1.
0
Suppose 5*m + 67 = 4*b, 5*b - 68 = 5*m - 4*m. Calculate the remainder when b is divided by 5.
3
Let u be (6 - -12) + 0 + 0. Suppose 5*d - 27 = u. Calculate the remainder when 17 is divided by d.
8
Let b be (-2)/(-5) + (-260)/25. What is the remainder when 10 is divided by (-56)/b - 2/(-5)?
4
Suppose 44 = -0*u + 4*u. Suppose -3*l + 5 = -z, 4*z - 12 - 1 = l. What is the remainder when u is divided by z?
3
Let n(w) = 2*w + 27. What is the remainder when n(20) is divided by 18?
13
Let g(q) be the third derivative of 2*q**2 + 0*q + 13/6*q**3 + 0 + 0*q**4 + 1/60*q**5. What is the remainder when 24 is divided by g(0)?
11
Suppose -3*g + 8 + 7 = 0. Suppose -g*o + 10 = -0*o. Calculate the remainder when o is divided by 2.
0
Suppose 2*f = -2*f + 4, -13 = -4*b - 5*f. Suppose -5*s - m - 1694 = -622, 4*s = -b*m - 860. What is the remainder when 28 is divided by s/(-14) - (-2)/(-7)?
13
Calculate the remainder when 123 is divided by (-26)/((-4)/4) + (-1)/1.
23
Let s = 2 + 4. What is the remainder when 11 is divided by s?
5
Let l(f) = 3*f + 1. Let o be l(-3). Let s be o/(-2)*58/8. What is the remainder when 35 is divided by (-2 + s)/((-6)/(-4))?
17
Let k(i) = i**3 - 8*i**2 - 4*i + 6. Let f be k(9). Let x = f - 9. Suppose -3*t = -6*t + x. What is the remainder when 26 is divided by t?
12
Let s(g) = -g**2 + 6*g - 5. Let r be s(4). Suppose -r*b = 5*m - 81, 0 = 3*b - 4*m - 96 + 15. What is the remainder when 106 is divided by b?
25
Suppose 7*r = 6*r + 49. Calculate the remainder when r is divided by 20.
9
Let m = -19 + 19. Let j be (14/4)/((-1)/(-2)). Suppose m*d = d - j. Calculate the remainder when 20 is divided by d.
6
What is the remainder when 93 is divided by (-5 - -29)/((-6)/(-8))?
29
Let r be (-2)/5 + 54/10. Suppose -26 = -r*y + 29. What is the remainder when 31 is divided by y?
9
Let d be 4/(-18) + (-183)/27. Let a(y) = y**3 + 7*y**2 - 4*y - 2. Suppose 0 = 6*h - 9*h + 27. Calculate the remainder when a(d) is divided by h.
8
Let l be 0/((-1)/3*-3). Suppose 3*k + 10 - 76 = l. What is the remainder when 41 is divided by k?
19
Let d(t) be the first derivative of 5*t**3/3 + t**2 + 4*t - 3. What is the remainder when d(3) is divided by 19?
17
Let m(d) be the second derivative of d**5/20 + 3*d**4/4 - d**3/3 - 9*d**2/2 - 5*d. What is the remainder when m(-9) is divided by 6?
3
Suppose -4*p + 47 = -41. Let r = p - 8. Let d(c) = c**2 + 5*c + 2. What is the remainder when r is divided by d(-6)?
6
Calculate the remainder when ((-24)/(-16))/(6/32) is divided by 3.
2
Let b(x) = x + 21. What is the remainder when 90 is divided by b(-8)?
12
Let r(c) = -c + 1. Let z(u) = -2*u**3 + u**2 + 3*u - 4. Let s(f) = -6*r(f) - z(f). What is the remainder when (-1 - -6)/((-4)/(-36)) is divided by s(2)?
13
Suppose 5*u - 437 = 8. Calculate the remainder when u is divided by 45.
44
Let s be (-12 - -1)*-31 - 1. Suppose -3*r + v + 3*v = -s, -12 = 3*v. Suppose -a = 2*a - r. Calculate the remainder when a is divided by 19.
17
Suppose -4*r + 3*r = 0. Let t(o) = -3*o + 3*o**2 + 0*o**2 + 2 + r*o. Calculate the remainder when t(4) is divided by 10.
8
Let s be ((-36)/(-16))/(1/(-4)). Let d(c) = -c**3 - 10*c**2 - 9*c. Let x be d(s). Suppose 0 = 3*u - x*u - 141. What is the remainder when u is divided by 16?
15
Suppose 0 = 2*t - l - 34, 0*t + 5*t + 5*l = 55. What is the remainder when 13 is divided by 126/t - 4/10?
5
Let q = 1 + 10. Suppose -u + 17 = -4. Calculate the remainder when u is divided by q.
10
Suppose -149 = -4*u - 2*k - 7, k = 4*u - 127. Suppose -w + 9 = 2*w. Suppose 5*m - 70 = -3*p, m + 2*p = w*m - 44. What is the remainder when u is divided by m?
16
Let j = -14 - -19. Calculate the remainder when j is divided by 4.
1
Let m(h) = 6*h**3 + h**2 - 2*h + 1. Calculate the remainder when m(1) is divided by 3.
0
Let y(v) = 6*v**3 + 10*v - 5*v**3 - 1 + 0*v**3 - 10*v**2. Calculate the remainder when 22 is divided by y(9).
6
Let l = 28 + -19. What is the remainder when 44 is divided by l?
8
Let j(h) = -h**2 - 8*h + 5. Let c be j(-8). Suppose -l = 4*g - 143, -c*g + 4*l + 0*l + 205 = 0. Calculate the remainder when g is divided by 20.
17
Let n(z) = 3*z + 7. What is the remainder when n(7) is divided by (6/(-3))/((-2)/15)?
13
Suppose -2*y + 0*g = -3*g + 11, 2*g - 10 = 4*y. Let u be (-3)/(-1) + y/(-1). Suppose 0 = -u*r + 2*r + 8. What is the remainder when 11 is divided by r?
3
Let k(u) = -2*u + 8. Suppose -116 = -5*w + 34. What is the remainder when w is divided by k(0)?
6
Let i = 10 - 5. Suppose 15 + 110 = i*g. Suppose 5*r - 57 = -12. Calculate the remainder when g is divided by r.
7
Let k(o) = -o**3 - 6*o**2 - 6*o + 6. What is the remainder when 63 is divided by k(-5)?
8
Suppose -4*j = -22 + 2. Let z(r) = 5*r**2 + 12 - 14 + r**3 - 3*r**2 + 0*r**2. Calculate the remainder when z(2) is divided by j.
4
Let u be 4/(-7)*21/(-6). Suppose 0 = u*w - 22 + 6. Let n = 13 - -1. Calculate the remainder when n is divided by w.
6
Let r = 26 + -36. Let x = r - -12. What is the remainder when 3 is divided by x?
1
Let z be 2/(2 + (-24)/9). Let o be 1/z + (-31)/(-3). Suppose 0 = r - 0*r - o. Calculate the remainder when 29 is divided by r.
9
Suppose -5*j + v + 272 = 0, 3*j = -2*j + 5*v + 260. Calculate the remainder when j is divided by 14.
13
Let m(f) = -36*f - 3. Let v be m(-4). Suppose 0 = -p - 2*p - v. Let r = p - -96. What is the remainder when r is divided by 13?
10
Suppose -3*t = -225 + 87. Let g = -38 - -50. What is the remainder when t is divided by g?
10
Let g = 0 + -4. Let x = g - -7. Suppose 3 + x = 2*j. Calculate the remainder when j is divided by 2.
1
Let u be -1*(7 + -3 + 1). Suppose 0 = l + 3*c - 8 - 11, -c = 2*l - 23. Let a = u + l. Calculate the remainder when 14 is divided by a.
4
Let v(b) = b**3 - 6*b**2 - 12*b + 1. Let g be (117/5)/((-2)/(-10)). What is the remainder when v(8) is divided by g/7 